 common factor of 1616 and 192.
16
Calculate the greatest common factor of 8 and 838.
2
Calculate the highest common factor of 4 and 46.
2
What is the highest common factor of 8977 and 141?
47
What is the greatest common factor of 1639 and 33?
11
Calculate the greatest common divisor of 235 and 15.
5
Calculate the highest common divisor of 75 and 1775.
25
What is the greatest common factor of 2555 and 595?
35
Calculate the highest common factor of 57 and 76.
19
Calculate the highest common factor of 362 and 2.
2
Calculate the greatest common factor of 782 and 184.
46
What is the highest common divisor of 6042 and 53?
53
What is the greatest common factor of 67 and 4690?
67
Calculate the highest common divisor of 180 and 153.
9
Calculate the highest common divisor of 272 and 16.
16
What is the greatest common factor of 2945 and 5?
5
What is the greatest common factor of 42 and 134?
2
What is the highest common divisor of 10 and 3?
1
Calculate the highest common divisor of 30 and 222.
6
Calculate the highest common factor of 52 and 1729.
13
Calculate the greatest common divisor of 100 and 1900.
100
What is the greatest common factor of 30623 and 271?
271
Calculate the greatest common divisor of 650 and 50.
50
What is the highest common factor of 3 and 6?
3
Calculate the highest common factor of 56 and 1400.
56
Calculate the greatest common factor of 54 and 18.
18
Calculate the highest common divisor of 180 and 140.
20
Calculate the highest common factor of 12 and 486.
6
Calculate the greatest common factor of 874 and 161.
23
What is the greatest common factor of 816 and 168?
24
Calculate the greatest common divisor of 23 and 11477.
23
What is the highest common divisor of 7626 and 615?
123
What is the highest common divisor of 115 and 1403?
23
Calculate the highest common divisor of 24 and 18312.
24
What is the highest common divisor of 22 and 902?
22
Calculate the highest common factor of 112 and 2562.
14
Calculate the greatest common divisor of 58 and 11629.
29
What is the highest common divisor of 798 and 84?
42
What is the highest common divisor of 2720 and 238?
34
Calculate the highest common factor of 21 and 287.
7
What is the greatest common factor of 92 and 230?
46
Calculate the greatest common factor of 10 and 2795.
5
Calculate the greatest common factor of 432 and 16.
16
Calculate the greatest common factor of 824 and 136.
8
Calculate the highest common factor of 33 and 605.
11
What is the greatest common factor of 27 and 774?
9
Calculate the greatest common factor of 133 and 19.
19
What is the greatest common divisor of 85 and 221?
17
What is the greatest common factor of 8 and 1912?
8
Calculate the highest common factor of 2600 and 4.
4
What is the greatest common factor of 1081 and 47?
47
What is the greatest common divisor of 1133 and 33?
11
Calculate the greatest common divisor of 755 and 120.
5
What is the greatest common factor of 1166 and 55?
11
What is the highest common factor of 45927 and 189?
189
What is the greatest common divisor of 777 and 21?
21
Calculate the highest common divisor of 40 and 3.
1
Calculate the greatest common factor of 513 and 189.
27
Calculate the greatest common factor of 25 and 35575.
25
Calculate the greatest common factor of 148 and 19166.
74
Calculate the greatest common divisor of 7 and 7.
7
What is the greatest common divisor of 209 and 1273?
19
What is the greatest common divisor of 5396 and 76?
76
What is the greatest common factor of 3 and 243?
3
What is the greatest common divisor of 148 and 2183?
37
What is the highest common factor of 888 and 481?
37
Calculate the highest common divisor of 5 and 55.
5
What is the greatest common factor of 518 and 111?
37
What is the greatest common divisor of 40 and 200?
40
Calculate the greatest common factor of 6 and 174.
6
Calculate the greatest common divisor of 216 and 27.
27
What is the highest common divisor of 2272 and 710?
142
What is the greatest common divisor of 2378 and 58?
58
What is the greatest common divisor of 88 and 424?
8
Calculate the greatest common factor of 15 and 195.
15
What is the highest common divisor of 45 and 288?
9
What is the highest common factor of 61 and 1647?
61
What is the highest common factor of 64 and 200?
8
Calculate the greatest common factor of 3429 and 18.
9
What is the highest common factor of 63 and 14?
7
Calculate the highest common factor of 49 and 245.
49
What is the highest common divisor of 16 and 10?
2
Calculate the greatest common factor of 1147 and 248.
31
What is the greatest common factor of 25 and 155?
5
What is the greatest common divisor of 6 and 4752?
6
Calculate the highest common factor of 56 and 104.
8
What is the highest common divisor of 6594 and 84?
42
What is the highest common factor of 304 and 72?
8
What is the greatest common factor of 46 and 437?
23
What is the highest common divisor of 24 and 126?
6
What is the greatest common factor of 115 and 92?
23
What is the highest common factor of 259 and 37?
37
Calculate the greatest common divisor of 14 and 665.
7
Calculate the highest common factor of 89 and 11659.
89
Calculate the highest common divisor of 32 and 2336.
32
What is the highest common divisor of 28 and 49?
7
What is the greatest common divisor of 270 and 80?
10
Calculate the greatest common factor of 58 and 87.
29
What is the greatest common factor of 304 and 720?
16
Calculate the greatest common factor of 1804 and 484.
44
What is the highest common factor of 203 and 196?
7
What is the greatest common factor of 2070 and 736?
46
Calculate the highest common factor of 2698 and 190.
38
What is the greatest common factor of 1445 and 85?
85
Calculate the greatest common divisor of 550 and 15840.
110
Calculate the highest common factor of 744 and 1.
1
Calculate the highest common divisor of 30 and 450.
30
Calculate the highest common factor of 30 and 30.
30
Calculate the highest common factor of 644 and 92.
92
Calculate the highest common factor of 9 and 7299.
9
What is the greatest common factor of 112 and 532?
28
What is the highest common factor of 77 and 196?
7
What is the greatest common divisor of 94 and 517?
47
What is the highest common factor of 12 and 64488?
12
Calculate the highest common factor of 286 and 754.
26
What is the greatest common factor of 112 and 1057?
7
Calculate the highest common divisor of 5031 and 18.
9
Calculate the highest common divisor of 12 and 138.
6
Calculate the highest common factor of 20 and 1970.
10
Calculate the highest common factor of 374 and 102.
34
What is the greatest common factor of 36 and 372?
12
Calculate the highest common divisor of 67 and 59161.
67
Calculate the greatest common divisor of 304 and 722.
38
What is the greatest common divisor of 252 and 23772?
84
What is the highest common factor of 4 and 20?
4
Calculate the greatest common factor of 20 and 15.
5
What is the highest common factor of 12 and 33?
3
What is the highest common divisor of 28 and 126?
14
What is the greatest common factor of 2639 and 455?
91
Calculate the highest common factor of 30 and 10905.
15
Calculate the highest common factor of 560 and 390.
10
Calculate the highest common divisor of 29 and 58.
29
Calculate the greatest common factor of 161 and 345.
23
Calculate the greatest common divisor of 16 and 688.
16
What is the highest common divisor of 9633 and 57?
57
Calculate the greatest common factor of 3526 and 602.
86
What is the greatest common divisor of 232 and 87?
29
Calculate the greatest common divisor of 3069 and 396.
99
What is the greatest common factor of 4108 and 130?
26
Calculate the greatest common divisor of 14353 and 248.
31
Calculate the highest common factor of 529 and 1.
1
Calculate the greatest common divisor of 49 and 3136.
49
What is the highest common divisor of 25 and 35?
5
What is the highest common divisor of 297 and 3432?
33
What is the highest common factor of 2910 and 388?
194
Calculate the greatest common divisor of 125 and 5.
5
What is the highest common divisor of 54 and 1431?
27
What is the greatest common factor of 21 and 1239?
21
Calculate the highest common factor of 296 and 185.
37
What is the greatest common divisor of 260 and 2028?
52
What is the highest common factor of 102 and 323?
17
What is the greatest com